{"id":1831,"date":"2023-10-21T05:28:29","date_gmt":"2023-10-21T05:28:29","guid":{"rendered":"https:\/\/open.cib.education\/formacion-ad-hoc\/"},"modified":"2023-12-14T11:59:56","modified_gmt":"2023-12-14T11:59:56","slug":"formacio-per-empreses-ad-hoc","status":"publish","type":"page","link":"https:\/\/open.cib.education\/ca\/formacio-per-empreses-ad-hoc\/","title":{"rendered":"Formaci\u00f3 Ad-Hoc"},"content":{"rendered":"","protected":false},"excerpt":{"rendered":"","protected":false},"author":2,"featured_media":0,"parent":0,"menu_order":0,"comment_status":"closed","ping_status":"closed","template":"page-sections.php","meta":{"_acf_changed":false,"footnotes":""},"class_list":["post-1831","page","type-page","status-publish","hentry"],"acf":[],"yoast_head":"<!-- This site is optimized with the Yoast SEO plugin v27.1.1 - https:\/\/yoast.com\/product\/yoast-seo-wordpress\/ -->\n<title>Formaci\u00f3 Personalitzada per a la teva Empresa | openCIB<\/title>\n<meta name=\"description\" content=\"Formacions fetes a mida per a la teva empresa, perqu\u00e8 entenem que cada experi\u00e8ncia s&#039;ha de tractar com un projecte personalitzat.\" \/>\n<meta name=\"robots\" content=\"index, follow, max-snippet:-1, max-image-preview:large, max-video-preview:-1\" \/>\n<link rel=\"canonical\" href=\"https:\/\/open.cib.education\/ca\/formacio-per-empreses-ad-hoc\/\" \/>\n<meta property=\"og:locale\" content=\"ca_ES\" \/>\n<meta property=\"og:type\" content=\"article\" \/>\n<meta property=\"og:title\" content=\"Formaci\u00f3 Personalitzada per a la teva Empresa | openCIB\" \/>\n<meta property=\"og:description\" content=\"Formacions fetes a mida per a la teva empresa, perqu\u00e8 entenem que cada experi\u00e8ncia s&#039;ha de tractar com un projecte personalitzat.\" \/>\n<meta property=\"og:url\" content=\"https:\/\/open.cib.education\/ca\/formacio-per-empreses-ad-hoc\/\" \/>\n<meta property=\"og:site_name\" content=\"Open CIB\" \/>\n<meta property=\"article:modified_time\" content=\"2023-12-14T11:59:56+00:00\" \/>\n<meta name=\"twitter:card\" content=\"summary_large_image\" \/>\n<script type=\"application\/ld+json\" class=\"yoast-schema-graph\">{\"@context\":\"https:\/\/schema.org\",\"@graph\":[{\"@type\":\"WebPage\",\"@id\":\"https:\/\/open.cib.education\/ca\/formacio-per-empreses-ad-hoc\/\",\"url\":\"https:\/\/open.cib.education\/ca\/formacio-per-empreses-ad-hoc\/\",\"name\":\"Formaci\u00f3 Personalitzada per a la teva Empresa | openCIB\",\"isPartOf\":{\"@id\":\"https:\/\/open.cib.education\/#website\"},\"datePublished\":\"2023-10-21T05:28:29+00:00\",\"dateModified\":\"2023-12-14T11:59:56+00:00\",\"description\":\"Formacions fetes a mida per a la teva empresa, perqu\u00e8 entenem que cada experi\u00e8ncia s'ha de tractar com un projecte personalitzat.\",\"inLanguage\":\"ca\",\"potentialAction\":[{\"@type\":\"ReadAction\",\"target\":[\"https:\/\/open.cib.education\/ca\/formacio-per-empreses-ad-hoc\/\"]}]},{\"@type\":\"WebSite\",\"@id\":\"https:\/\/open.cib.education\/#website\",\"url\":\"https:\/\/open.cib.education\/\",\"name\":\"Open CIB\",\"description\":\"\",\"publisher\":{\"@id\":\"https:\/\/open.cib.education\/#organization\"},\"potentialAction\":[{\"@type\":\"SearchAction\",\"target\":{\"@type\":\"EntryPoint\",\"urlTemplate\":\"https:\/\/open.cib.education\/?s={search_term_string}\"},\"query-input\":{\"@type\":\"PropertyValueSpecification\",\"valueRequired\":true,\"valueName\":\"search_term_string\"}}],\"inLanguage\":\"ca\"},{\"@type\":\"Organization\",\"@id\":\"https:\/\/open.cib.education\/#organization\",\"name\":\"Culinary Institute of Barcelona\",\"alternateName\":\"CIB\",\"url\":\"https:\/\/open.cib.education\/\",\"logo\":{\"@type\":\"ImageObject\",\"inLanguage\":\"ca\",\"@id\":\"https:\/\/open.cib.education\/#\/schema\/logo\/image\/\",\"url\":\"https:\/\/open.cib.education\/custom\/uploads\/2023\/11\/CIB_hashtag_logo_black-e1701290331246.png\",\"contentUrl\":\"https:\/\/open.cib.education\/custom\/uploads\/2023\/11\/CIB_hashtag_logo_black-e1701290331246.png\",\"width\":150,\"height\":150,\"caption\":\"Culinary Institute of Barcelona\"},\"image\":{\"@id\":\"https:\/\/open.cib.education\/#\/schema\/logo\/image\/\"}}]}<\/script>\n<!-- \/ Yoast SEO plugin. -->","yoast_head_json":{"title":"Formaci\u00f3 Personalitzada per a la teva Empresa | openCIB","description":"Formacions fetes a mida per a la teva empresa, perqu\u00e8 entenem que cada experi\u00e8ncia s'ha de tractar com un projecte personalitzat.","robots":{"index":"index","follow":"follow","max-snippet":"max-snippet:-1","max-image-preview":"max-image-preview:large","max-video-preview":"max-video-preview:-1"},"canonical":"https:\/\/open.cib.education\/ca\/formacio-per-empreses-ad-hoc\/","og_locale":"ca_ES","og_type":"article","og_title":"Formaci\u00f3 Personalitzada per a la teva Empresa | openCIB","og_description":"Formacions fetes a mida per a la teva empresa, perqu\u00e8 entenem que cada experi\u00e8ncia s'ha de tractar com un projecte personalitzat.","og_url":"https:\/\/open.cib.education\/ca\/formacio-per-empreses-ad-hoc\/","og_site_name":"Open CIB","article_modified_time":"2023-12-14T11:59:56+00:00","twitter_card":"summary_large_image","schema":{"@context":"https:\/\/schema.org","@graph":[{"@type":"WebPage","@id":"https:\/\/open.cib.education\/ca\/formacio-per-empreses-ad-hoc\/","url":"https:\/\/open.cib.education\/ca\/formacio-per-empreses-ad-hoc\/","name":"Formaci\u00f3 Personalitzada per a la teva Empresa | openCIB","isPartOf":{"@id":"https:\/\/open.cib.education\/#website"},"datePublished":"2023-10-21T05:28:29+00:00","dateModified":"2023-12-14T11:59:56+00:00","description":"Formacions fetes a mida per a la teva empresa, perqu\u00e8 entenem que cada experi\u00e8ncia s'ha de tractar com un projecte personalitzat.","inLanguage":"ca","potentialAction":[{"@type":"ReadAction","target":["https:\/\/open.cib.education\/ca\/formacio-per-empreses-ad-hoc\/"]}]},{"@type":"WebSite","@id":"https:\/\/open.cib.education\/#website","url":"https:\/\/open.cib.education\/","name":"Open CIB","description":"","publisher":{"@id":"https:\/\/open.cib.education\/#organization"},"potentialAction":[{"@type":"SearchAction","target":{"@type":"EntryPoint","urlTemplate":"https:\/\/open.cib.education\/?s={search_term_string}"},"query-input":{"@type":"PropertyValueSpecification","valueRequired":true,"valueName":"search_term_string"}}],"inLanguage":"ca"},{"@type":"Organization","@id":"https:\/\/open.cib.education\/#organization","name":"Culinary Institute of Barcelona","alternateName":"CIB","url":"https:\/\/open.cib.education\/","logo":{"@type":"ImageObject","inLanguage":"ca","@id":"https:\/\/open.cib.education\/#\/schema\/logo\/image\/","url":"https:\/\/open.cib.education\/custom\/uploads\/2023\/11\/CIB_hashtag_logo_black-e1701290331246.png","contentUrl":"https:\/\/open.cib.education\/custom\/uploads\/2023\/11\/CIB_hashtag_logo_black-e1701290331246.png","width":150,"height":150,"caption":"Culinary Institute of Barcelona"},"image":{"@id":"https:\/\/open.cib.education\/#\/schema\/logo\/image\/"}}]}},"_links":{"self":[{"href":"https:\/\/open.cib.education\/ca\/wp-json\/wp\/v2\/pages\/1831","targetHints":{"allow":["GET"]}}],"collection":[{"href":"https:\/\/open.cib.education\/ca\/wp-json\/wp\/v2\/pages"}],"about":[{"href":"https:\/\/open.cib.education\/ca\/wp-json\/wp\/v2\/types\/page"}],"author":[{"embeddable":true,"href":"https:\/\/open.cib.education\/ca\/wp-json\/wp\/v2\/users\/2"}],"replies":[{"embeddable":true,"href":"https:\/\/open.cib.education\/ca\/wp-json\/wp\/v2\/comments?post=1831"}],"version-history":[{"count":7,"href":"https:\/\/open.cib.education\/ca\/wp-json\/wp\/v2\/pages\/1831\/revisions"}],"predecessor-version":[{"id":2082,"href":"https:\/\/open.cib.education\/ca\/wp-json\/wp\/v2\/pages\/1831\/revisions\/2082"}],"wp:attachment":[{"href":"https:\/\/open.cib.education\/ca\/wp-json\/wp\/v2\/media?parent=1831"}],"curies":[{"name":"wp","href":"https:\/\/api.w.org\/{rel}","templated":true}]}}

Formació Ad-Hoc

<!-- This site is optimized with the Yoast SEO plugin v27.1.1 - https://yoast.com/product/yoast-seo-wordpress/ -->
<title>Formació Personalitzada per a la teva Empresa | openCIB</title>
<meta name="description" content="Formacions fetes a mida per a la teva empresa, perquè entenem que cada experiència s&#039;ha de tractar com un projecte personalitzat." />
<meta name="robots" content="index, follow, max-snippet:-1, max-image-preview:large, max-video-preview:-1" />
<link rel="canonical" href="https://open.cib.education/ca/formacio-per-empreses-ad-hoc/" />
<meta property="og:locale" content="ca_ES" />
<meta property="og:type" content="article" />
<meta property="og:title" content="Formació Personalitzada per a la teva Empresa | openCIB" />
<meta property="og:description" content="Formacions fetes a mida per a la teva empresa, perquè entenem que cada experiència s&#039;ha de tractar com un projecte personalitzat." />
<meta property="og:url" content="https://open.cib.education/ca/formacio-per-empreses-ad-hoc/" />
<meta property="og:site_name" content="Open CIB" />
<meta property="article:modified_time" content="2023-12-14T11:59:56+00:00" />
<meta name="twitter:card" content="summary_large_image" />
<script type="application/ld+json" class="yoast-schema-graph">{"@context":"https://schema.org","@graph":[{"@type":"WebPage","@id":"https://open.cib.education/ca/formacio-per-empreses-ad-hoc/","url":"https://open.cib.education/ca/formacio-per-empreses-ad-hoc/","name":"Formació Personalitzada per a la teva Empresa | openCIB","isPartOf":{"@id":"https://open.cib.education/#website"},"datePublished":"2023-10-21T05:28:29+00:00","dateModified":"2023-12-14T11:59:56+00:00","description":"Formacions fetes a mida per a la teva empresa, perquè entenem que cada experiència s'ha de tractar com un projecte personalitzat.","inLanguage":"ca","potentialAction":[{"@type":"ReadAction","target":["https://open.cib.education/ca/formacio-per-empreses-ad-hoc/"]}]},{"@type":"WebSite","@id":"https://open.cib.education/#website","url":"https://open.cib.education/","name":"Open CIB","description":"","publisher":{"@id":"https://open.cib.education/#organization"},"potentialAction":[{"@type":"SearchAction","target":{"@type":"EntryPoint","urlTemplate":"https://open.cib.education/?s={search_term_string}"},"query-input":{"@type":"PropertyValueSpecification","valueRequired":true,"valueName":"search_term_string"}}],"inLanguage":"ca"},{"@type":"Organization","@id":"https://open.cib.education/#organization","name":"Culinary Institute of Barcelona","alternateName":"CIB","url":"https://open.cib.education/","logo":{"@type":"ImageObject","inLanguage":"ca","@id":"https://open.cib.education/#/schema/logo/image/","url":"https://open.cib.education/custom/uploads/2023/11/CIB_hashtag_logo_black-e1701290331246.png","contentUrl":"https://open.cib.education/custom/uploads/2023/11/CIB_hashtag_logo_black-e1701290331246.png","width":150,"height":150,"caption":"Culinary Institute of Barcelona"},"image":{"@id":"https://open.cib.education/#/schema/logo/image/"}}]}</script>
<!-- / Yoast SEO plugin. -->

Formació Personalitzada per a la teva Empresa | openCIB

Formacions fetes a mida per a la teva empresa, perquè entenem que cada experiència s'ha de tractar com un projecte personalitzat.
